7) to base 6.
-522
40133 (base 5) to base 16
9ef
Convert -41321 (base 6) to base 8.
-12621
10b42 (base 13) to base 4
13130022
4113 (base 5) to base 11
445
Convert -1223 (base 13) to base 9.
-3458
What is 1336 (base 9) in base 5?
13010
What is 106442 (base 8) in base 5?
2124010
Convert -5735 (base 12) to base 14.
-3761
-8409 (base 13) to base 9
-27040
-736 (base 14) to base 10
-1420
-202202202 (base 3) to base 4
-3230210
Convert 19324 (base 11) to base 12.
13769
1202 (base 3) to base 8
57
What is -11122 (base 4) in base 8?
-532
Convert -13624 (base 7) to base 8.
-7236
Convert 70 (base 9) to base 2.
111111
What is -111120 (base 3) in base 9?
-446
-4eed (base 15) to base 11
-1174a
What is -2141 (base 7) in base 4?
-23330
631 (base 7) to base 3
102201
What is 1326 (base 8) in base 5?
10401
What is 404 (base 15) in base 5?
12104
Convert -41c (base 13) to base 5.
-10301
Convert 1043413 (base 5) to base 6.
222052
Convert 1c64 (base 13) to base 9.
5815
-1022 (base 3) to base 8
-43
-1802c (base 14) to base 6
-1143400
1510 (base 13) to base 5
44210
Convert a424 (base 12) to base 5.
1033014
What is -367 (base 13) in base 2?
-1001010000
What is -4b3 (base 15) in base 2?
-10000101100
2476 (base 9) to base 11
1433
What is -19902 (base 15) in base 9?
-135802
-1811 (base 13) to base 10
-3563
Convert -334331 (base 5) to base 10.
-11841
Convert -23c9 (base 13) to base 11.
-3896
What is -4121 (base 7) in base 8?
-2634
214455 (base 7) to base 14
d9d5
Convert 4db (base 15) to base 11.
916
Convert 757 (base 9) to base 7.
1543
-142210 (base 5) to base 10
-5930
What is -1324 (base 8) in base 12?
-504
Convert 242161 (base 7) to base 14.
12068
Convert -2562 (base 8) to base 12.
-982
-795 (base 11) to base 5
-12301
1222102222 (base 3) to base 6
500212
adb (base 15) to base 14
c76
What is -14320 (base 5) in base 7?
-3346
What is -2100132 (base 4) in base 16?
-241e
Convert 2a9 (base 12) to base 5.
3132
What is -1203101 (base 4) in base 3?
-22201022
Convert -433541 (base 7) to base 10.
-75734
What is -4130 (base 5) in base 10?
-540
21212 (base 3) to base 10
212
-8680 (base 12) to base 14
-5560
Convert 1798 (base 14) to base 6.
31402
Convert -866 (base 9) to base 2.
-1011000100
Convert -10020012 (base 3) to base 14.
-c02
Convert 52737 (base 8) to base 9.
33135
-2542 (base 6) to base 8
-1176
Convert -30321 (base 4) to base 13.
-4b6
Convert 6172 (base 12) to base 2.
10100101100110
What is -11d2 (base 14) in base 3?
-11021201
What is -11811 (base 11) in base 14?
-626c
What is -21312 (base 6) in base 8?
-5554
2131304 (base 5) to base 13
13792
-1314 (base 8) to base 15
-32b
3a74 (base 16) to base 6
153140
What is 100202 (base 3) in base 14?
14b
What is -22000201 (base 3) in base 4?
-1123123
-1815 (base 10) to base 16
-717
What is -2a3 (base 12) in base 14?
-215
What is -21111 (base 4) in base 5?
-4342
What is 18532 (base 11) in base 6?
320013
645 (base 8) to base 12
2b1
Convert 120323 (base 4) to base 9.
2162
What is -6464 (base 8) in base 9?
-4565
Convert 2122211 (base 3) to base 16.
793
Convert -1135 (base 6) to base 12.
-1ab
-c61 (base 15) to base 4
-223213
Convert -3b2 (base 12) to base 14.
-2c6
What is 353 (base 8) in base 9?
281
What is -211120212 (base 3) in base 9?
-24525
Convert -1210 (base 5) to base 4.
-2310
-3e6a (base 15) to base 16
-343f
-14d2 (base 14) to base 8
-7200
124152 (base 6) to base 14
4192
What is -7c6 (base 14) in base 9?
-2107
Convert 10010 (base 4) to base 15.
125
Convert 12200 (base 4) to base 14.
21a
Convert 12203 (base 4) to base 16.
1a3
-10101001001 (base 2) to base 3
-1212010
-2020300 (base 5) to base 9
-48614
Convert -2b0 (base 16) to base 7.
-2002
Convert 1370a (base 11) to base 7.
110553
What is -10011111100001 (base 2) in base 11?
-7741
Convert 100010001011 (base 2) to base 8.
4213
-571 (base 11) to base 15
-308
What is -40030 (base 7) in base 8?
-22631
What is -14837 (base 9) in base 4?
-2132233
What is 1850 (base 9) in base 15?
64c
Convert -282 (base 15) to base 2.
-1000111100
Convert 110101001 (base 2) to base 11.
357
Convert -1270 (base 9) to base 5.
-12304
What is -646 (base 7) in base 3?
-110011
36140 (base 8) to base 15
48a6
Convert 878 (base 14) to base 9.
2260
589 (base 10) to base 13
364
Convert 11101 (base 2) to base 12.
25
What is b6c7 (base 16) in base 15?
dce6
62924 (base 10) to base 15
1399e
Convert 522e (base 15) to base 14.
6489
Convert 16001 (base 8) to base 16.
1c01
What is -1200002 (base 4) in base 6?
-44242
-114203 (base 7) to base 14
-7773
-545 (base 6) to base 8
-321
What is -2160 (base 8) in base 7?
-3212
What is -15414 (base 6) in base 10?
-2530
Convert 1635 (base 8) to base 5.
12200
30342 (base 6) to base 5
112042
What is 218b (base 15) in base 9?
10665
Convert -3a38 (base 14) to base 16.
-2802
What is 101111011101 (base 2) in base 10?
3037
Convert -1c (base 13) to base 6.
-41
What is 6a40 (base 14) in base 3?
221100110
Convert -680 (base 9) to base 4.
-20232
What is -424043 (base 5) in base 4?
-3133001
758 (base 9) to base 8
1154
What is 2332333 (base 5) in base 2?
1010011101011011
10 (base 5) to base 6
5
Convert -4102 (base 5) to base 6.
-2235
-5a (base 14) to base 6
-212
What is 1100110111101 (base 2) in base 11?
4a50
What is -12032301 (base 4) in base 2?
-110001110110001
What is 340322 (base 5) in base 10?
11962
-985 (base 10) to base 2
-1111011001
-265 (base 14) to base 9
-584
What is 8b0 (base 12) in base 13?
77a
What is 4461 (base 9) in base 10?
3295
Convert 8153 (base 11) to base 12.
6323
Convert 2120 (base 7) to base 8.
1355
What is 217 (base 10) in base 5?
1332
Convert 2db (base 14) to base 2.
1001001001
Convert a796 (base 12) to base 16.
47e2
What is 9c (base 16) in base 13?
c0
-108168 (base 9) to base 12
-31768
Convert 24330 (base 5) to base 11.
1423
What is -11122101 (base 3) in base 14?
-133b
2021010 (base 3) to base 13
99c
What is 20121 (base 4) in base 14?
2a5
Convert -2101110 (base 3) to base 11.
-1342
What is 288 (base 12) in base 15?
1b2
What is -3953 (base 16) in base 15?
-4535
-23243 (base 6) to base 16
-d0b
Convert 1010101110100 (base 2) to base 9.
7472
Convert -3321 (base 4) to base 5.
-1444
Convert -540 (base 9) to base 2.
-110111001
-1655 (base 10) to base 3
-2021022
Convert -299 (base 14) to base 3.
-201112
What is -11011101001 (base 2) in base 5?
-24034
Convert b398 (base 13) to base 16.
60df
-101000 (base 2) to base 3
-1111
Convert 7246 (base 8) to base 13.
1926
Convert 1041023 (base 5) to base 16.
4757
-11810 (base 10) to base 9
-17172
What is -15e8 (base 15) in base 2?
-1001001101110
What is 6b70 (base 13) in base 14?
572c
Convert 1210 (base 6) to base 4.
10212
Convert 2421 (base 7) to base 12.
629
20031 (base 4) to base 8
1015
Convert 194 (base 10) to base 9.
235
11000010101000 (base 2) to base 14
477a
1b55 (base 16) to base 11
5291
What is 110101 (base 3) in base 10?
334
What is 4086 (base 11) in base 8?
12452
-33335 (base 7) to base 9
-12468
What is -57999 (base 10) in base 4?
-32022033
-29b (base 14) to base 13
-319
102212331 (base 4) to base 11
522a2
What is -106 (base 10) in base 6?
-254
2715 (base 8) to base 16
5cd
What is -10323300 (base 4) in base 6?
-233320
Convert 6a7 (base 15) to base 8.
2743
What is 10110100010 (base 2) in base 10?
1442
-40050 (base 6) to base 5
-131324
What is 122220201 (base 3) in base 16?
3304
What is 111202 (base 3) in base 15?
19b
10298 (base 13) to base 3
1110210222
Convert -2040 (base 7) to base 9.
-873
Convert b192 (base 13) to base 16.
5f87
-95 (base 10) to base 16
-5f
-402d (base 14) to base 15
-33e7
-19548 (base 10) to base 9
-28730
-153531 (base 6) to base 13
-6b4a
What is -54325 (base 6) in base 13?
-3527
What is -86 (base 15) in base 16?
-7e
-20298 (base 10) to base 15
-6033
What is -1002234 (base 5) in base 7?
-64325
21332 (base 5) to base 12
a23
Convert 273 (base 8) to base 16.
bb
Convert -12672 (base 8) to base 12.
-3276
46 (base 11) to base 9
55
Convert 12b4 (base 12) to base 13.
c97
Convert -92 (base 11) to base 4.
-1211
What is -54057 (base 8) in base 9?
-33863
Convert -205 (base 16) to base 13.
-30a
3a9 (base 15) to base 7
2301
What is 6106 (base 7) in base 5?
31423
Convert -1405a (base 13) to base 8.
-111060
Convert 32125 (base 6) to base 5.
114443
-c1c (base 13) to base 10
-2053
83d4 (base 15) to base 2
110110011100010
4661 (base 